0*d**3 - 450*d**2 - 91*d - 98. What is the hundreds digit of i(-46)?
2
Suppose 3*p - 29693 = -2*l, -l + 17*p + 14842 = 14*p. What is the ten thousands digit of l?
1
Let h(n) = 63*n**3 - 62*n**3 + 18 + n + 15*n**2 + 20*n. Let u be h(-14). Let g = 184 + u. What is the units digit of g?
4
Suppose -34*q + 34*q - 161690 = -19*q. What is the hundreds digit of q?
5
Suppose 0 = 187*m - 4848716 - 2260837. What is the ten thousands digit of m?
3
Suppose -36*w + 39*w = -t + 36473, 5*w - 60761 = 12*t. What is the tens digit of w?
5
What is the hundreds digit of (42 + -1227 - 43)/(-1 - 1/(-3))?
8
Let t(k) = -3*k**3 + 2*k**2 + 2*k + 1. Let p be t(-1). Suppose -2*b - 39 + 5 = -3*o, -p*b = -4. What is the units digit of 5/(o/4 - 2)?
5
Let n(d) = 25769*d**2 + 14*d - 35. What is the thousands digit of n(1)?
5
Let v(m) = m**3 - 21*m**2 + 18*m + 40. Let k be v(20). Suppose k = l + t - 151, -l - 4*t = -0*l - 157. What is the hundreds digit of l?
1
Let o = -93958 - -138111. What is the tens digit of o?
5
Let l(a) be the first derivative of -1/3*a**3 - 10*a**2 - 38 + 44*a. What is the tens digit of l(-20)?
4
Let l(p) = p**3 + p**2 - 78*p - 96. Let b be l(48). What is the hundreds digit of (b/28)/4 + 46/161?
9
Let w(q) = 2*q**2 - 15*q + 26. Let x = -68 - -68. Suppose x + 12 = t. What is the tens digit of w(t)?
3
Let d = 5228 - 3415. What is the thousands digit of d?
1
Suppose 7648 = 4*s - 5*b, 18*b - 23*b + 3824 = 2*s. What is the thousands digit of s?
1
Let j(k) = 1564*k - 1022. What is the tens digit of j(5)?
9
Let n = 17374 - 17409. Let i(m) = -m**3 + 4*m**2 - 8*m + 8. Let l be i(6). Let w = n - l. What is the tens digit of w?
7
Suppose 2*i - 1812 = -4*i. Let w = 531 - i. What is the tens digit of w?
2
Suppose 5*i + 5*z = 35, 35 = 5*i + 2*z - 0*z. Suppose -i*f + 270 + 5358 = 0. What is the tens digit of f?
0
Suppose 3 = -3*p, v - 4*p = -0*p + 6. Let s be (-265)/(v/(-4)*(5 - 3)). Suppose 0 = 4*b + 4*o - 129 - 111, 5*b = 2*o + s. What is the tens digit of b?
5
Suppose -5*g + 5042 = 2*t - 4883, 3*t = -3*g + 5946. What is the tens digit of g?
8
Suppose -8*n = -9*n + 2. Suppose 5*b + 3*u = 1914, 1908 = 3*b + n*b + u. What is the units digit of b?
1
Suppose 8*k - 4626 - 14673 - 33901 = 0. What is the tens digit of k?
5
Let f = 26 + -23. Suppose 2*y + 265 = f*k, -2*k - 3*y + 103 = -k. What is the tens digit of k?
9
Let t(c) = -c**3 + 7*c**2 - 11*c + 7. Suppose -2*g - 4*g = -24. Suppose 8*m - g = 7*m. What is the tens digit of t(m)?
1
Let i(h) = -3*h**2 + 6*h - 10. Let z be i(2). What is the tens digit of 1*(z - 4)*(-78)/4?
7
Suppose u - 15915 = 6802 - 4545. What is the ten thousands digit of u?
1
Let g(j) = -j**3 - 21*j**2 + 21*j + 20. Let q be g(-11). Let h = 2121 + q. What is the hundreds digit of h?
7
Suppose -2*y = 3*y + 28020. What is the tens digit of 27/(-45) - y/15?
7
Let z(t) = t**3 - 20*t**2 + 20*t - 1. Suppose 13*g - 8*g - 95 = 0. Let x be z(g). Suppose 604 = -x*f + 22*f. What is the tens digit of f?
5
Let p(i) = 6*i - 18. Let v(s) = -2*s - 1. Let x(b) = -b. Let o(q) = -v(q) + 6*x(q). Let w be o(-3). What is the tens digit of p(w)?
6
Let j(u) = -4*u**2 - 20*u + 20. Let q be j(-8). Suppose p = 2*a - a + 128, 2 = 2*a. Let h = q + p. What is the units digit of h?
3
Let j = 6537 + 3109. What is the units digit of j?
6
Let y = 1566 + -751. Let d = -384 + y. What is the units digit of d?
1
Let q = 515 - 497. Let l(u) = -2*u**3 + 39*u**2 + u - 11. What is the hundreds digit of l(q)?
9
Let a(o) be the third derivative of o**5/6 + 9*o**4/8 + 62*o**3/3 + 123*o**2. What is the units digit of a(-8)?
8
Suppose -4*u - o - 33 = -11, 3*u + 12 = -3*o. Suppose -4*h + 281 + 107 = 0. What is the hundreds digit of h - (u/2 - 1)?
1
Suppose -82*r - 338866 + 1409831 = -726065. What is the ten thousands digit of r?
2
What is the ten thousands digit of 147/343 + ((-929087)/(-21) - 4/6)?
4
Let c(b) = -2*b**3 + 29*b**2 - 15*b - 25. Let j(d) = d**3 + 4*d + 13. Let f be j(0). What is the units digit of c(f)?
7
Let j(b) = 457*b**3 + 6*b**2 + 6*b - 6. What is the tens digit of j(3)?
0
What is the units digit of (-1)/6 + (3462771/234 - 33)?
5
Suppose a - 6067 = 3*k, -2*a + 15858 - 3727 = -3*k. What is the tens digit of a?
6
Suppose 17*k + 522167 = 118*k - 265835. What is the thousands digit of k?
7
Suppose 1026*i - 1018*i - 472 = 0. Let y = 5 + -18. Let f = i + y. What is the tens digit of f?
4
Suppose 5*v - 518 = -j + 2364, 3*v = -j + 2890. What is the thousands digit of j?
2
Let w(n) = -8*n**3 - n**2 - 6*n + 469. Let c(r) = -15*r**3 - 2*r**2 - 11*r + 938. Let h(f) = 6*c(f) - 11*w(f). What is the hundreds digit of h(0)?
4
What is the hundreds digit of 5567 + (-14)/(126/45)?
5
Let n(c) = 37*c**2 - 14*c - 59. Let i be n(-4). Let t = i - 139. What is the units digit of t?
0
Let m(y) = 5*y + 19. Suppose -3*v + 2*v - g + 16 = 0, 60 = 4*v + 5*g. What is the tens digit of m(v)?
1
Suppose -79*d + 72*d - 2176146 = -209*d. What is the units digit of d?
3
Suppose -139*s - 2288 = -141*s + 4*j, -2*j = s - 1116. What is the tens digit of s?
3
Let f = 95921 + -60108. What is the thousands digit of f?
5
Suppose -d + 3*d + 16 = 2*b, -8 = -b - 5*d. What is the units digit of 563/b + (-6)/16?
0
Let z = 1120 - 168. Suppose z = 16*y - 12*y. What is the hundreds digit of y?
2
Suppose -r = r - 22. Suppose 25*d - r*d = 5180. What is the hundreds digit of d?
3
Let f = 16035 - 8229. Suppose f = 15*b - 16044. What is the hundreds digit of b?
5
Let v(p) = -6*p**2 - p. Let u be v(-1). What is the hundreds digit of (-576)/u*(7 + -5 + 3)?
5
Let f be 1/(10/(-105))*-2. Let z = -23 + f. What is the units digit of 42 - ((3 - -2) + -1 + z)?
0
Let z = 10720 + 21249. What is the thousands digit of z?
1
Suppose -15*a + 4*a + 22 = 0. Suppose -4*p - 74 = -d + 31, -a*p - 10 = 0. What is the units digit of d?
5
Let g(p) = -9*p**3 - 13*p**2 - 237*p - 14. What is the tens digit of g(-17)?
7
Suppose 7*f - 3*f - 5*o = 65, -2*f - 2*o + 10 = 0. Suppose f*i - 42 = 218. Let r(m) = m**2 - 23*m + 10. What is the tens digit of r(i)?
8
Suppose 0 = -o + 4*o - 3*i - 12, 15 = 2*o + 5*i. Suppose -o*g + 6*g = 3*y + 1, y - 9 = -g. Suppose 10*j - 252 = g*j. What is the tens digit of j?
8
Let r be (-2)/(9 - -3) + 37/6. Let y be (-124)/r + (40/(-12))/(-5). Let z(p) = -2*p + 52. What is the units digit of z(y)?
2
Let u(r) = 5*r**2 + 4*r - 10. Let i be u(-10). Let w(h) = 7*h**2 + 3*h - 2. Let x be w(-3). Suppose 47*q = x*q - i. What is the tens digit of q?
9
Let h = -75 + 98. Suppose -h*f = -12*f - 10890. What is the tens digit of f?
9
Let y(d) = -d + 25*d**2 + 2*d - 1 + 0*d - 7. What is the hundreds digit of y(3)?
2
Suppose -14*l + 60260 = 7*l - 53455. What is the thousands digit of l?
5
Suppose 3226 + 10989 = 14*z + 3519. What is the hundreds digit of z?
7
Let h(y) = -1754*y. Let l(b) = -351*b. Let i(u) = -2*h(u) + 11*l(u). Let a be i(-1). Let q = a + -171. What is the units digit of q?
2
Suppose 70 = -2*j - 136. Suppose 0 = -3*r - 4*b - 16, -5*b = -5*r - 5 - 10. What is the hundreds digit of ((r - -4) + -1)*j?
1
Let b(u) = 172*u**3 - u**2 + u - 1. Let a be b(1). Let r = 37 + a. What is the tens digit of r?
0
Let s(y) = -17*y**3 + 3*y**2 - y - 3. Let n(t) = -9*t + 78. Let v be n(9). What is the hundreds digit of s(v)?
4
Let t be (9 - 120/12)/(2/38). What is the tens digit of (t/3*1)/(61/(-3843))?
9
Suppose 9117*y - 9009*y = 3944916. What is the thousands digit of y?
6
Let t(j) = 4*j - 21. Let f be 104/6 - 20/(-30). Let q = f - 4. What is the units digit of t(q)?
5
What is the hundreds digit of -1 + -1 - (-696384)/48?
5
Let u(t) = -106*t + 1441. What is the hundreds digit of u(-15)?
0
Suppose -3*o - 3*o + 170290 - 33994 = 0. What is the ten thousands digit of o?
2
Suppose 528*m + 24461 - 871622 = 850359. What is the units digit of m?
5
Suppose 26*z = 12*z - 117370 + 329330. What is the units digit of z?
0
Suppose 3*g + 6 = 3*q, -q + 4*g + 2 = 3. Suppose -q*i = 514 - 1576. Suppose -3*v = -3*b + i, 5*b - v - 274 - 304 = 0. What is the hundreds digit of b?
1
Let m be 4/8*(-2 - 4/(-2)). Suppose -5*x + 2*q + 2*q + 81 = m, 3*q + 82 = 5*x. Suppose 23*r = x*r + 858. What is the tens digit of r?
4
Let o(f) = -122*f + 58. Let w(d) = 62*d - 30. Let h(g) = 6*o(g) + 11*w(g). What is the units digit of h(-11)?
8
Let k(b) = 500*b**2 - b + 54. Let i be k(6). Suppose